 the hundreds digit of a?
1
Suppose -7884 = -2*p - 2*y, 35*p - 4*y = 31*p + 15808. What is the hundreds digit of p?
9
Let s(p) = -2*p**2 + 40*p + 436. Let b(l) = l**2 - 20*l - 217. Let g(u) = 11*b(u) + 6*s(u). What is the units digit of g(0)?
9
Suppose 0 = -16*d - 14 - 34. What is the tens digit of 3/d - (-12)/18*51?
3
Let d(x) = 21*x + 12. Let k be (-1 - 0)/(9/(-171)). Let b = k + -12. What is the tens digit of d(b)?
5
Let g(r) be the third derivative of -5/6*r**3 + 42*r**2 + 0 - 5/24*r**4 + 203/60*r**5 + 0*r. What is the hundreds digit of g(-1)?
2
Suppose 6*d = 4*s + d - 40, -2*d - 40 = -4*s. Suppose -3*u = 7*u + s. What is the units digit of 40/u*(60/(-8) - -5)?
0
Let i(j) = 106*j**2 - 17*j - 250. What is the hundreds digit of i(-13)?
8
Let u(v) = v**3 + 11*v**2 - 11*v + 19. Let l = -59 + 47. Let h be u(l). Suppose 4*o + 252 = 2*r, h*o + 4 = 9*o. What is the tens digit of r?
3
Let p(k) = -113*k - 8*k - 9*k + 5 + 20. What is the tens digit of p(-2)?
8
Let v be -6 + -1250*5 - 2. What is the tens digit of 7 + v/(-18) + 2/(-3)?
5
Suppose -19*m = -17*m + 2, 5*b + 10*m = 281010. What is the tens digit of b?
0
Let y(j) = j**2 - 13*j + 32. Let v be y(4). Suppose -13 = 3*c + 23. What is the hundreds digit of (-2 - 878/v) + c/(-8)?
2
Suppose 8*y - 900 = 3*y - 5*a, -a = 0. Let g = y + 85. What is the hundreds digit of g?
2
Let k = 17 - -218. Let z = -84 + k. What is the units digit of z?
1
Let f(v) = 3*v**2 - 3*v. Let q(d) = 2*d**2 - 2*d + 1. Let m(k) = -3*f(k) + 4*q(k). Let x be m(-6). What is the units digit of (-536)/x + (-2)/19?
4
Suppose -1617 - 18794 + 167579 = 16*u. What is the thousands digit of u?
9
What is the hundreds digit of (68712/12)/((-18)/(-9))?
8
Suppose -923 - 533 = -8*f. Let t = f + -122. Suppose -8*k - t + 1796 = 0. What is the tens digit of k?
1
Let f(o) = 241*o**2 - 37*o - 27. What is the tens digit of f(-5)?
8
Let k(z) = -2728*z + 1594. What is the tens digit of k(-11)?
0
Let i(x) = 395*x - 5241. What is the hundreds digit of i(43)?
7
Let d(w) = w**3 - 8*w**2 + 10*w + 18. Let s be d(6). Suppose s*c + 2*a = c + 925, 4*a = 3*c - 555. What is the tens digit of c?
8
Suppose 0 = 17922*k - 17936*k + 32676. What is the units digit of k?
4
Let x(s) = -s - 8. Let a be x(-11). Suppose 5*m = -a*u + 141, 0*u + 2*u = -6. What is the tens digit of -2*2/((-8)/m)?
1
Let y be (-4)/(-10) + 3729/15. Suppose -324*n + 19488 = -212*n. Let o = y - n. What is the units digit of o?
5
Let a = -3116 + 13612. What is the hundreds digit of a?
4
Suppose -2*a = 16 + 2. Let m be 42/a*(-12)/8. Suppose -m*p = -14*p + 1064. What is the tens digit of p?
5
Let v = 60365 + -33404. What is the tens digit of v?
6
Let f(t) = t**3 - 11*t**2 + 24*t + 4. Let a be f(8). Suppose -a*r + 119 = 15. What is the units digit of r?
6
Suppose 1692*b - 2163760 = 1612*b. What is the units digit of b?
7
Let w be 213/(-12) + 3 + 2/(-8). Let y = w - -20. Suppose -y*f - t + 130 = 0, -4*f + 93 = 2*t + t. What is the units digit of f?
7
Let m(h) be the first derivative of h**5/30 - 5*h**4/12 + 10*h**3/3 - 17*h**2/2 - 5. Let r(l) be the second derivative of m(l). What is the tens digit of r(8)?
6
Let u be 1090/(-15)*6*-1. Let d = u + -156. Suppose j - 3*j = -2*w + 168, -3*w + d = 4*j. What is the units digit of w?
8
Let l(z) = z**3 + 13*z**2 + 3*z - 22. Let h be 212/(-18) + ((-74)/9 - -8). What is the tens digit of l(h)?
8
Let c = -13024 - -28023. What is the thousands digit of c?
4
Let g(p) = 106*p + 2027. What is the hundreds digit of g(88)?
3
Suppose -10*k = -7*k + 27. Let r be 5/(((-75)/k)/5). Suppose -r*h - 74 = 4*o - 315, -15 = 3*h. What is the units digit of o?
4
Let u(b) = 3*b - 186. Let l(a) = -1. Let y(v) = 5*l(v) - u(v). Let t be y(0). Let r = t + -110. What is the units digit of r?
1
Let n(v) = v**2 - 4*v. Let j be n(3). Let y be (384 - -2) + -2*3/j. Suppose -d = -m - 96, 88 = 5*d - 4*m - y. What is the tens digit of d?
9
Suppose r + 6*m - 2*m = 33, 3*r - 54 = -3*m. Suppose -r*a - 2460 = -19*a. Suppose -23*v + a = -18*v. What is the tens digit of v?
8
Suppose -2*x + 141684 = 3*x - 84936. What is the ten thousands digit of x?
4
Let t(w) = -9*w**2 + 70*w + 21. Let q(x) = 14*x**2 - 105*x - 31. Let s(b) = 5*q(b) + 8*t(b). Let m be s(9). Let l = m - 117. What is the tens digit of l?
4
Let g = -8748 + 15941. What is the thousands digit of g?
7
Let a(l) = l**2 + 3*l + 6. Let y(k) = -3*k**2 - 8*k - 17. Let b(m) = 17*a(m) + 6*y(m). Let p be b(3). Suppose -5*h + 26 + 14 = p. What is the units digit of h?
8
Suppose q = -9*q + 100. Let p(g) = 66*g - 145. What is the tens digit of p(q)?
1
Let r(k) = -11*k - 12. Let i be r(-4). Let v = i + -27. Suppose 17 = 6*x - v*x. What is the tens digit of x?
1
Suppose 0 = 174*b - 56*b - 3249259 - 520605. What is the tens digit of b?
4
Suppose -5*p = 2*s - 58, 43 = 3*p + p + 5*s. Let a be (4/(-10))/(p/(-1410)). Suppose -41*d = -a*d + 186. What is the units digit of d?
1
Let n = 41 - 36. Suppose -6*g - 440 = n*g. Let o = g + 57. What is the units digit of o?
7
Let z(k) = k**3 - 30*k**2 + 134*k - 103. What is the ten thousands digit of z(36)?
1
Let y(f) = -f**2 - 11*f - 9. Suppose 10*j + 28 = 6*j. Let l be y(j). Suppose 67 = 8*t + l. What is the units digit of t?
6
Let j = -36 + 42. Let y(v) = -2*v**2 + 14*v - 9. Let w be y(j). Suppose 0 = -4*m - 5*p + 377, -m = -w*p - 0*p - 90. What is the tens digit of m?
9
Let h(g) = -6*g**3 + g**2 - 3*g - 2. Let b be h(-3). Let l = -161 + b. What is the units digit of l?
7
Let j = 8709 - 4598. What is the thousands digit of j?
4
Let v be 27/27*(1 + 1 + 0). Suppose 0 = -2*x - 10, -6*x = 5*c - v*x + 5. Suppose 0 = -5*g + c*j + 517, 3*j = 2*g + j - 210. What is the hundreds digit of g?
1
Let m = -409 + 409. What is the units digit of 4596/(11 - 5) - m/2?
6
Suppose -3*i - 20790 - 2621 = -4*v, 0 = v + i - 5844. What is the thousands digit of v?
5
Suppose -4*g + 17*g = 26. Let z(u) = -3*u - 3*u - u**g + 143 + u + 4*u. What is the tens digit of z(0)?
4
Suppose 0 = -31*r + 28269 + 85315. What is the hundreds digit of r?
6
Let k(l) = -4966*l - 774. What is the tens digit of k(-1)?
9
Let x(g) = -4*g**2 - 49*g + 19. Let o be (-4 - -1)*(-119)/51. Let z(r) = 3*r**2 + 33*r - 13. Let h(m) = o*z(m) + 5*x(m). What is the units digit of h(-8)?
0
Suppose 36*a - 35*a - 33 = 0. Let g = a + -22. Suppose -g*s + 16*s = 700. What is the tens digit of s?
4
Let l(c) = -c**2 + 17*c - 52. Let y be l(13). Let d(t) = 5*t + 329. What is the units digit of d(y)?
9
Let k be 0 + 26/6 - 25/75. Suppose -k*d + 502 + 858 = 0. What is the tens digit of d?
4
Suppose 6123 = -24*m + 27*m. Let p = 3286 - m. What is the tens digit of p?
4
Let x(i) = i**2 + 33*i + 64. Let f be x(-31). Suppose 5*c + f = -8, 0 = -2*a + c + 1660. What is the units digit of a?
9
Let l(q) = -4*q**3 + 3*q**2 + 7. Let j be l(3). Let s = 66 + j. What is the units digit of s/(-28) + (-2848)/(-28)?
2
Suppose -6786 = -3*q + 20*c - 16*c, -5*q + 5*c + 11310 = 0. Suppose 4*k + 3674 = 3*p + 291, 2*p - 4*k - q = 0. What is the units digit of p?
1
Let j(l) = 138*l**2 + 15*l + 1. Let b = 18 + -20. What is the tens digit of j(b)?
2
Suppose 0 = -2*k + k - 3*v - 805, -3*k + 3*v = 2367. Let m = k - -1453. Suppose 7*l = 2*l + m. What is the hundreds digit of l?
1
Let t(m) = 4*m + 61. Let f be t(-13). Let u(j) = 2*j**2 - 6*j - 11. What is the units digit of u(f)?
7
Suppose 11*k = 5*k + 24. Let d(v) = -17*v + k*v**2 + 26 - 13*v + 18*v - 2*v**2. What is the hundreds digit of d(13)?
2
Suppose 244198 = 47*g - 344477. What is the ten thousands digit of g?
1
Suppose 47785 = -110*x + 139861 + 100314. What is the thousands digit of x?
1
Let x(h) = -h**2 + h + 4. Let k be x(8). Let t(v) = 8*v + 241. Let g be t(-39). Let o = k - g. What is the units digit of o?
9
Let g = -23600 - -60361. What is the thousands digit of g?
6
Let h(v) = -6*v**3 + 12*v**2 - v - 15. Let j(n) = -n**3 + n**2 + n. Let i(c) = -h(c) + 5*j(c). Let x be (-2)/10 + (-36)/(-5). What is the tens digit of i(x)?
5
Let w = 0 - -3. Suppose 2*l = -w*q + q + 10, 0 = -4*l + 5*q - 7. Suppose -3*p = p + y - 195, 0 = 3*p - l*y - 160. What is the units digit of p?
0
Let j(s) = 7*s + 1. Suppose -215 = -3*b + 79. Let p be 11/(-66) + b/12. What is the tens digit of j(p)?
5
Let r(n) = -44*n**3 - 2*n**2 - n + 1. Let c(d) = d**3 - 1 + 12*d**2 - 15*d**2 - 13*